etermine k(5).
-12
Let t(s) = -5*s - 42. Determine t(5).
-67
Let h(q) = 9*q**2 - 6*q + 25. Calculate h(-6).
385
Let h(s) = -346*s - 1774. What is h(-5)?
-44
Let o(b) = 733*b - 21196. Determine o(29).
61
Let u(d) = -d**3 - 16*d**2 - 45*d - 5. Calculate u(-13).
73
Let w(d) = -89*d - 2132. Give w(-24).
4
Let k(s) = -s**3 - 186*s**2 - 539*s + 1840. Calculate k(-183).
10
Let c(w) = 2565*w - 10284. What is c(4)?
-24
Let m(a) = a**2 - 3*a - 12. Give m(4).
-8
Let c(k) = 4*k**2 - 2*k + 10. Give c(5).
100
Let c(i) = -i**3 - 58*i**2 + 36*i - 1473. Give c(-59).
-116
Let g(r) = -r**2 + 3*r + 1. Give g(-6).
-53
Let l(c) = -393*c + 90381. Calculate l(230).
-9
Let l(j) = 4*j**3 - j**2 + 2*j + 15. What is l(0)?
15
Let m(x) = -2*x**3 + 20*x**2 - 45*x - 5. Determine m(4).
7
Let f(s) = 2*s**3 + 37*s**2 - 13*s + 112. Give f(-19).
-2
Let d(p) = 2173*p - 10778. Give d(5).
87
Let g(s) = -s**3 - 18*s**2 - s - 12. Give g(-18).
6
Let k(h) = h**3 + 6*h**2 - 23*h + 39. Determine k(-8).
95
Let r(p) = 2*p**3 + 70*p**2 + 8*p + 295. Determine r(-35).
15
Let r(o) = -o**3 + 124*o**2 - 592*o - 347. Give r(119).
10
Let g(a) = a**2 - 145*a + 4378. Give g(43).
-8
Let a(x) = 13*x**2 - x + 4. Give a(0).
4
Let n(w) = -7*w**3 + 172*w**2 + 74*w + 23. Determine n(25).
-2
Let z(m) = -271*m - 6499. Give z(-24).
5
Let v(m) = -m**3 - 13*m**2 - 96*m - 880. Calculate v(-11).
-66
Let o(i) = 24*i - 1365. What is o(56)?
-21
Let n(o) = -o**3 + 27*o**2 + 100*o - 312. Give n(30).
-12
Let x(o) = o**3 + 13*o**2 + 23*o + 17. Calculate x(-13).
-282
Let u(g) = 96*g - 1592. Calculate u(17).
40
Let l(o) = -106*o**2 + 350*o + 1720. Give l(6).
4
Let b(l) = -2174*l - 54347. Calculate b(-25).
3
Let i(h) = -h**2 - h + 1. Calculate i(14).
-209
Let z(m) = -m**2 + 1102*m - 7643. Calculate z(7).
22
Let v(i) = 11*i + 201. Determine v(-19).
-8
Let l(q) = -7*q - 90. Give l(-9).
-27
Let r(t) = 4*t**2 - 15*t + 3. Calculate r(1).
-8
Let v(x) = -3*x**2 - 24*x - 28. What is v(-13)?
-223
Let p(x) = -x**3 - 12*x**2 - 11*x - 102. Calculate p(-13).
210
Let y(u) = 6776*u - 20333. What is y(3)?
-5
Let c(w) = 5*w**2 - 71*w + 91. Give c(13).
13
Let n(a) = -3*a**3 - 22*a**2 + 12*a - 21. Give n(-8).
11
Let w(g) = -16*g**2 - 231*g + 458. Determine w(2).
-68
Let n(l) = -l**3 + 21*l**2 - 102*l + 51. What is n(14)?
-5
Let a(y) = -y**3 - 30*y**2 + 65*y + 76. What is a(-32)?
44
Let i(a) = -52*a - 340. What is i(-6)?
-28
Let f(z) = -3946*z - 39469. What is f(-10)?
-9
Let c(o) = o**3 + 7*o**2 - 92*o + 67. What is c(-14)?
-17
Let o(z) = z**2 - 200*z + 4975. Calculate o(170).
-125
Let p(r) = -r**3 - 51*r**2 + 35*r - 744. Calculate p(-52).
140
Let n(c) = -369*c - 1134. Give n(-3).
-27
Let x(o) = -7*o - 25. What is x(1)?
-32
Let y(x) = -32*x + 336. Determine y(-18).
912
Let m(x) = 21*x - 2940. Give m(137).
-63
Let d(g) = -28*g**3 + 31*g**2 + 2*g - 3. Give d(1).
2
Let u(x) = -205*x**2 + 14*x - 12. What is u(1)?
-203
Let w(u) = u**3 + 23*u**2 - 26*u - 51. Calculate w(-24).
-3
Let r(m) = 2*m**2 - 12*m + 48. Calculate r(10).
128
Let n(v) = 8*v**2 + 4*v - 9. Determine n(-2).
15
Let t(v) = -21*v**2 - 116*v - 144. Determine t(-2).
4
Let v(u) = 5*u + 105. Calculate v(38).
295
Let k(a) = -a**2 + a + 88. Calculate k(10).
-2
Let q(d) = -d**2 - 59*d - 22. Determine q(-48).
506
Let s(r) = -14*r**2 + 13*r. Determine s(-2).
-82
Let n(d) = 26*d + 821. Give n(-38).
-167
Let a(n) = 67*n + 5371. Determine a(-81).
-56
Let j(s) = -2200*s - 24209. Give j(-11).
-9
Let v(g) = g**2 + 24*g + 66. Determine v(-31).
283
Let h(q) = -2*q**3 - 39*q**2 + 133*q + 514. Calculate h(-22).
8
Let t(v) = -10*v**2 - 329*v + 23. What is t(-33)?
-10
Let w(s) = -12*s - 30. What is w(-9)?
78
Let l(n) = -675*n - 12776. Give l(-19).
49
Let t(w) = w**2 - 151*w - 779. Give t(-5).
1
Let j(n) = n**2 - 39*n - 47. What is j(42)?
79
Let v(o) = -o**2 - 77*o + 677. Calculate v(-85).
-3
Let u(k) = -k**3 - 44*k**2 + 509*k - 288. What is u(9)?
0
Let q(m) = m**3 + 18*m**2 + 24*m + 26. Calculate q(-17).
-93
Let m(a) = -2*a**2 + 4*a + 25. Determine m(-6).
-71
Let g(c) = c**2 + 38*c - 389. Calculate g(-47).
34
Let j(l) = -l**2 + 14*l + 220. What is j(23)?
13
Let y(d) = -494*d**2 - 28*d + 28. Determine y(1).
-494
Let a(x) = 167*x + 1553. Determine a(-6).
551
Let y(h) = -297*h - 1492. Give y(-5).
-7
Let l(y) = y**3 + 7*y**2 + 5096*y + 30541. Determine l(-6).
1
Let i(w) = -w**3 - 210*w**2 + 241*w + 6377. Calculate i(-211).
47
Let z(p) = -118*p**2 + 182*p + 180. Calculate z(-1).
-120
Let s(r) = r**3 + 43*r**2 + 61*r + 2. Give s(-42).
-796
Let h(q) = -4*q**3 - 175*q**2 + 42*q - 106. Calculate h(-44).
-18
Let h(t) = 188*t**3 - 13*t**2 - 15*t - 1. Give h(-1).
-187
Let l(m) = 69*m**2 - 276*m + 3. Give l(4).
3
Let p(u) = -2*u**3 - 133*u**2 + 334*u - 762. Give p(-69).
-3
Let r(h) = h**3 + 3*h**2 - 674*h - 1346. Calculate r(-2).
6
Let j(t) = t**3 - 35*t**2 - 54. Determine j(35).
-54
Let i(f) = 97*f + 1013. What is i(-13)?
-248
Let u(i) = -162*i + 3521. Give u(22).
-43
Let j(a) = -121*a - 26. Calculate j(-1).
95
Let g(y) = -y**2 + 2*y + 37. Determine g(10).
-43
Let w(b) = -6*b**2 - 23*b - 17. What is w(-5)?
-52
Let c(i) = i**2 - 14*i - 536. Give c(-31).
859
Let n(x) = -x**2 + 1783*x - 62891. Give n(36).
1
Let i(l) = 210*l**2 - 15*l + 13. Determine i(1).
208
Let b(p) = p**3 - 3*p**2 + 94*p + 575. Calculate b(-6).
-313
Let g(a) = -203*a + 3857. Give g(19).
0
Let r(z) = -153*z - 1060. Determine r(-7).
11
Let y(z) = -3*z**2 - 131*z + 1115. Give y(-51).
-7
Let a(g) = 4*g**2 - 158*g + 890. Determine a(7).
-20
Let z(i) = -81*i + 2098. What is z(25)?
73
Let y(j) = 2*j**2 - 45*j + 256. Calculate y(16).
48
Let r(x) = -x**2 + 10*x + 102. Determine r(0).
102
Let p(d) = 4386*d - 13157. Determine p(3).
1
Let d(n) = 5*n**2 - 105*n - 3234. Give d(-17).
-4
Let q(n) = -37*n - 239. Give q(-7).
20
Let a(o) = o**3 - 65*o**2 + 441*o + 861. Give a(57).
6
Let s(q) = -2682*q + 2664. Calculate s(1).
-18
Let s(l) = l**2 - 3*l - 87. Give s(11).
1
Let s(x) = -21*x + 734. Determine s(30).
104
Let m(x) = -26*x + 63. Calculate m(-3).
141
Let t(h) = h**3 + 102*h**2 + 205*h + 502. Calculate t(-100).
2
Let r(x) = x**3 - 12*x**2 + 15*x + 66. Determine r(10).
16
Let l(z) = 82*z - 2790. Give l(34).
-2
Let v(b) = -3*b - 47. Calculate v(27).
-128
Let s(c) = c**3 + 53*c**2 + 2*c + 422. Give s(-53).
316
Let s(p) = -84*p + 4. Determine s(-2).
172
Let t(o) = -8*o**2 - 118*o - 682. Determine t(-6).
-262
Let k(r) = 2*r**3 + 188*r**2 - 187*r + 292. What is k(-95)?
7
Let p(o) = -1034*o + 13447. What is p(13)?
5
Let g(o) = -o**3 - 20*o**2 - 43*o + 43. Determine g(-18).
169
Let c(q) = -75*q**2 - 70*q + 17. Determine c(-1).
12
Let t(u) = 157*u - 6669. Calculate t(42).
-75
Let v(r) = 13*r**2 - 159*r + 25. Determine v(12).
-11
Let c(i) = 5*i**2 - 64*i - 56. Calculate c(14).
28
Let r(h) = 405*h + 7743. Determine r(-19).
48
Let o(n) = -8*n + 42. Calculate o(10).
-38
Let y(s) = -16*s**2 + 65*s + 582. Give y(-8).
-962
Let d(w) = 166*w + 17762. Give d(-107).
0
Let x(k) = 6635*k - 33184. Give x(5).
-9
Let q(k) = -2*k + 149. What is q(-63)?
275
Let t(c) = c**3 + 25*c**2 - 33*c - 179. Give t(-26).
3
Let a(z) = -14230*z + 142294. Calculate a(10).
-6
Let v(t) = 40*t - 378. What is v(9)?
-18
Let t(y) = -y**2 + 78*y - 1299. What is t(42)?
213
Let y(a) = a**3 + 5*a**2 - 56*a + 11. What is y(-11)?
-99
Let w(n) = 3*n**3 + 4*n**2 + 17*n + 22. Give w(-2).
-20
Let d(i) = 19*i**3 + i**2 + 4*i + 7. Determine d(-2).
-149
Let n(d) = 1165*d + 64070. Give n(-55).
-5
Let n(c) = 3*c**3 + 76*c**2 + 217*c - 83. Calculate n(-22).
-17
Let h(n) = 2*n**3 - 15*n**2 + 34*n - 18. Give h(4).
6
Let c(g) = -3*g**3 + 17*g**2 - 49*g + 447. Determine c(8).
-393
Let n(z) = -z**2 - 66*z - 472. Give n(-8).
-8
Let i(a) = -396*a + 2884. Calculate i(9).
-680
Let u(b) = 48*b + 242. What is u(-8)?
-142
Let k(a) = 1516*a + 63678. What is k(-42)?
6
Let r(t) = 8*t - 23. Determine r(-37).
-319
Let p(z) = -z**2 + 119*z - 1575. Calculate p(15).
-15
Let s(m) = -1176*m - 10573. Calculate s(-9).
11
Let p(g) = -2*g**3 - 99*g**2 - 234*g + 36. Determine p(-47).
-11
Let n(p) = 20*p**3 + 2*p + 5. Calculate n(-2).
-159
Let r(a) = a**2 + 81*a + 497. Determine r(-6).
47
Let s(r) = -36*r**3 + 4*r + 3. Determine s(-1).
35
Let f(o) = -23*o**2 + 427*o + 17. Calculate f(19).
-173
Let w(n) = n**3 - 40*n**2 + 77*n + 7. Calculate w(38).
